{"id":486,"date":"2023-04-21T15:34:57","date_gmt":"2023-04-21T13:34:57","guid":{"rendered":"https:\/\/www.legrimoire.fr\/?page_id=486"},"modified":"2023-04-21T15:34:57","modified_gmt":"2023-04-21T13:34:57","slug":"le-triangle-de-gatine","status":"publish","type":"page","link":"https:\/\/www.legrimoire.fr\/index.php\/le-triangle-de-gatine\/","title":{"rendered":"LE TRIANGLE DE G\u00c2TINE"},"content":{"rendered":"<div class=\"wp-block-image\">\n<figure class=\"aligncenter size-full\"><img loading=\"lazy\" decoding=\"async\" width=\"800\" height=\"794\" src=\"https:\/\/www.legrimoire.fr\/wp-content\/uploads\/2023\/04\/TRIANGLE-DE-GATINE.png\" alt=\"\" class=\"wp-image-487\" srcset=\"https:\/\/www.legrimoire.fr\/wp-content\/uploads\/2023\/04\/TRIANGLE-DE-GATINE.png 800w, https:\/\/www.legrimoire.fr\/wp-content\/uploads\/2023\/04\/TRIANGLE-DE-GATINE-300x298.png 300w, https:\/\/www.legrimoire.fr\/wp-content\/uploads\/2023\/04\/TRIANGLE-DE-GATINE-150x150.png 150w, https:\/\/www.legrimoire.fr\/wp-content\/uploads\/2023\/04\/TRIANGLE-DE-GATINE-768x762.png 768w\" sizes=\"auto, (max-width: 800px) 85vw, 800px\" \/><figcaption class=\"wp-element-caption\">Triangle de G\u00e2tine du Grimoire<\/figcaption><\/figure>\n<\/div>\n\n\n<p class=\"has-text-color\" style=\"color:#8c1b1b\">Un assemblage con\u00e7u lors de vacances 2004 lors desquelles nous pr\u00e9parions la carte du Grimoire pour l&rsquo;ouverture pr\u00e9vue en Juin 2005.<\/p>\n\n\n\n<p class=\"has-text-color\" style=\"color:#8c1b1b\">Notre objectif \u00e9tait d&rsquo;associer des produits traditionnels et locaux avec une pr\u00e9sentation atypique et avec d\u00e9tournement des saveurs : na\u00eet alors le triangle de G\u00e2tine.<\/p>\n\n\n\n<p class=\"has-text-color\" style=\"color:#8c1b1b\">De la pomme de G\u00e2tine po\u00e9l\u00e9e avec bien du beurre de Pamplie et parfum\u00e9e au curry.<\/p>\n\n\n\n<p class=\"has-text-color\" style=\"color:#8c1b1b\">Un boudin noir de La ferme de La Mantellerie ou de La Ferme des Sens, coup\u00e9 en rondelle et po\u00e9l\u00e9.<\/p>\n\n\n\n<p class=\"has-text-color\" style=\"color:#8c1b1b\">Une feuille de brick au origine orientale.<\/p>\n\n\n\n<p class=\"has-text-color\" style=\"color:#8c1b1b\">Un pliage qui n\u00e9cessite de la patience et de la dext\u00e9rit\u00e9.<\/p>\n\n\n\n<p class=\"has-text-color\" style=\"color:#8c1b1b\">Au final une grosse bouch\u00e9e agr\u00e9able en bouche qui nous rappelle nos origines tout en voyageant avec Le Grimoire.<\/p>\n\n\n\n<p class=\"has-text-color\" style=\"color:#8c1b1b\">Il nous fallait en causer dans le poste, \u00e9couter voir !!<\/p>\n\n\n\n<figure class=\"wp-block-audio\"><audio controls src=\"https:\/\/www.legrimoire.fr\/wp-content\/uploads\/2023\/04\/Le-grimoire-itw-FB-Poitou.mp3\"><\/audio><\/figure>\n","protected":false},"excerpt":{"rendered":"<p>Un assemblage con\u00e7u lors de vacances 2004 lors desquelles nous pr\u00e9parions la carte du Grimoire pour l&rsquo;ouverture pr\u00e9vue en Juin 2005. Notre objectif \u00e9tait d&rsquo;associer des produits traditionnels et locaux avec une pr\u00e9sentation atypique et avec d\u00e9tournement des saveurs : na\u00eet alors le triangle de G\u00e2tine. De la pomme de G\u00e2tine po\u00e9l\u00e9e avec bien du &hellip; <a href=\"https:\/\/www.legrimoire.fr\/index.php\/le-triangle-de-gatine\/\" class=\"more-link\">Continuer la lecture<span class=\"screen-reader-text\"> de &laquo;&nbsp;LE TRIANGLE DE G\u00c2TINE&nbsp;&raquo;<\/span><\/a><\/p>\n","protected":false},"author":1,"featured_media":0,"parent":0,"menu_order":0,"comment_status":"closed","ping_status":"closed","template":"","meta":{"footnotes":""},"class_list":["post-486","page","type-page","status-publish","hentry"],"_links":{"self":[{"href":"https:\/\/www.legrimoire.fr\/index.php\/wp-json\/wp\/v2\/pages\/486","targetHints":{"allow":["GET"]}}],"collection":[{"href":"https:\/\/www.legrimoire.fr\/index.php\/wp-json\/wp\/v2\/pages"}],"about":[{"href":"https:\/\/www.legrimoire.fr\/index.php\/wp-json\/wp\/v2\/types\/page"}],"author":[{"embeddable":true,"href":"https:\/\/www.legrimoire.fr\/index.php\/wp-json\/wp\/v2\/users\/1"}],"replies":[{"embeddable":true,"href":"https:\/\/www.legrimoire.fr\/index.php\/wp-json\/wp\/v2\/comments?post=486"}],"version-history":[{"count":1,"href":"https:\/\/www.legrimoire.fr\/index.php\/wp-json\/wp\/v2\/pages\/486\/revisions"}],"predecessor-version":[{"id":490,"href":"https:\/\/www.legrimoire.fr\/index.php\/wp-json\/wp\/v2\/pages\/486\/revisions\/490"}],"wp:attachment":[{"href":"https:\/\/www.legrimoire.fr\/index.php\/wp-json\/wp\/v2\/media?parent=486"}],"curies":[{"name":"wp","href":"https:\/\/api.w.org\/{rel}","templated":true}]}}