{"id":416,"date":"2023-02-26T16:26:23","date_gmt":"2023-02-26T15:26:23","guid":{"rendered":"https:\/\/www.legrimoire.fr\/?page_id=416"},"modified":"2023-02-26T18:21:12","modified_gmt":"2023-02-26T17:21:12","slug":"lequipe-du-grimoire","status":"publish","type":"page","link":"https:\/\/www.legrimoire.fr\/index.php\/lequipe-du-grimoire\/","title":{"rendered":"L&rsquo;\u00e9quipe du Grimoire"},"content":{"rendered":"\n<p class=\"has-text-color\" style=\"color:#8c1b1b\"><a href=\"https:\/\/www.legrimoire.fr\/index.php\/lequipe-du-grimoire\/chef-jean-pierre\/\">1- Chef Jean Pierre : G\u00e9rance et Cuisinier<\/a><\/p>\n\n\n<div class=\"wp-block-image\">\n<figure class=\"aligncenter size-thumbnail\"><a href=\"https:\/\/www.legrimoire.fr\/index.php\/lequipe-du-grimoire\/chef-jean-pierre\/\"><img loading=\"lazy\" decoding=\"async\" width=\"150\" height=\"150\" src=\"https:\/\/www.legrimoire.fr\/wp-content\/uploads\/2021\/11\/chef-jean-pierre-2-150x150.jpg\" alt=\"\" class=\"wp-image-149\" srcset=\"https:\/\/www.legrimoire.fr\/wp-content\/uploads\/2021\/11\/chef-jean-pierre-2-150x150.jpg 150w, https:\/\/www.legrimoire.fr\/wp-content\/uploads\/2021\/11\/chef-jean-pierre-2-300x300.jpg 300w, https:\/\/www.legrimoire.fr\/wp-content\/uploads\/2021\/11\/chef-jean-pierre-2-768x767.jpg 768w, https:\/\/www.legrimoire.fr\/wp-content\/uploads\/2021\/11\/chef-jean-pierre-2.jpg 801w\" sizes=\"auto, (max-width: 150px) 85vw, 150px\" \/><\/a><\/figure>\n<\/div>\n\n\n<p class=\"has-text-color\" style=\"color:#8c1b1b\"><a href=\"https:\/\/www.legrimoire.fr\/index.php\/lequipe-du-grimoire\/mateo-bujat-charge-des-relations-clients-et-du-suivi-des-ventes\/\">2- Mat\u00e9o BUJAT : Charg\u00e9 de relations clients et du suivi des ventes<\/a><\/p>\n\n\n<div class=\"wp-block-image\">\n<figure class=\"aligncenter size-thumbnail\"><a href=\"https:\/\/www.legrimoire.fr\/index.php\/lequipe-du-grimoire\/mateo-bujat-charge-des-relations-clients-et-du-suivi-des-ventes\/\"><img loading=\"lazy\" decoding=\"async\" width=\"150\" height=\"150\" src=\"https:\/\/www.legrimoire.fr\/wp-content\/uploads\/2022\/10\/MATEO-1-150x150.png\" alt=\"\" class=\"wp-image-234\"\/><\/a><\/figure>\n<\/div>\n\n\n<p class=\"has-text-color\" style=\"color:#8c1b1b\"><a href=\"https:\/\/www.legrimoire.fr\/index.php\/lequipe-du-grimoire\/martine-derre-serveuse-et-aide-cuisine\/\">3- Martine DERRE : Aide cuisine et service<\/a><\/p>\n\n\n<div class=\"wp-block-image\">\n<figure class=\"aligncenter size-thumbnail\"><a href=\"https:\/\/www.legrimoire.fr\/index.php\/lequipe-du-grimoire\/martine-derre-serveuse-et-aide-cuisine\/\"><img loading=\"lazy\" decoding=\"async\" width=\"150\" height=\"150\" src=\"https:\/\/www.legrimoire.fr\/wp-content\/uploads\/2023\/02\/DERRE-MARTINE-1-150x150.png\" alt=\"\" class=\"wp-image-425\" srcset=\"https:\/\/www.legrimoire.fr\/wp-content\/uploads\/2023\/02\/DERRE-MARTINE-1-150x150.png 150w, https:\/\/www.legrimoire.fr\/wp-content\/uploads\/2023\/02\/DERRE-MARTINE-1-300x300.png 300w, https:\/\/www.legrimoire.fr\/wp-content\/uploads\/2023\/02\/DERRE-MARTINE-1-768x769.png 768w, https:\/\/www.legrimoire.fr\/wp-content\/uploads\/2023\/02\/DERRE-MARTINE-1.png 800w\" sizes=\"auto, (max-width: 150px) 85vw, 150px\" \/><\/a><\/figure>\n<\/div>","protected":false},"excerpt":{"rendered":"<p>1- Chef Jean Pierre : G\u00e9rance et Cuisinier 2- Mat\u00e9o BUJAT : Charg\u00e9 de relations clients et du suivi des ventes 3- Martine DERRE : Aide cuisine et service<\/p>\n","protected":false},"author":1,"featured_media":0,"parent":0,"menu_order":0,"comment_status":"closed","ping_status":"closed","template":"","meta":{"footnotes":""},"class_list":["post-416","page","type-page","status-publish","hentry"],"_links":{"self":[{"href":"https:\/\/www.legrimoire.fr\/index.php\/wp-json\/wp\/v2\/pages\/416","targetHints":{"allow":["GET"]}}],"collection":[{"href":"https:\/\/www.legrimoire.fr\/index.php\/wp-json\/wp\/v2\/pages"}],"about":[{"href":"https:\/\/www.legrimoire.fr\/index.php\/wp-json\/wp\/v2\/types\/page"}],"author":[{"embeddable":true,"href":"https:\/\/www.legrimoire.fr\/index.php\/wp-json\/wp\/v2\/users\/1"}],"replies":[{"embeddable":true,"href":"https:\/\/www.legrimoire.fr\/index.php\/wp-json\/wp\/v2\/comments?post=416"}],"version-history":[{"count":3,"href":"https:\/\/www.legrimoire.fr\/index.php\/wp-json\/wp\/v2\/pages\/416\/revisions"}],"predecessor-version":[{"id":448,"href":"https:\/\/www.legrimoire.fr\/index.php\/wp-json\/wp\/v2\/pages\/416\/revisions\/448"}],"wp:attachment":[{"href":"https:\/\/www.legrimoire.fr\/index.php\/wp-json\/wp\/v2\/media?parent=416"}],"curies":[{"name":"wp","href":"https:\/\/api.w.org\/{rel}","templated":true}]}}